{"id":794,"date":"2021-11-22T01:45:22","date_gmt":"2021-11-22T01:45:22","guid":{"rendered":"http:\/\/lcgpa.ubiobio.cl\/?page_id=794"},"modified":"2021-11-25T00:51:36","modified_gmt":"2021-11-25T00:51:36","slug":"equipos-2","status":"publish","type":"page","link":"http:\/\/lcgpa.ubiobio.cl\/index.php\/equipos-2\/","title":{"rendered":"Equipos"},"content":{"rendered":"\n<h4 class=\"has-black-color has-text-color has-normal-font-size wp-block-heading\" id=\"equipos-disponibles\">EQUIPOS DISPONIBLES<\/h4>\n\n\n\n<ul class=\"has-black-color has-text-color has-normal-font-size wp-block-list\"><li><strong>Pirolizador&nbsp;<\/strong>[CDS Pyrobrobe 5200 HPR]<\/li><li><strong>Cromat\u00f3grafo de Gases<\/strong>&nbsp;[Perkin Elmer Clarus 690]<\/li><li><strong>Espectr\u00f3metro de Masa<\/strong>s [ Perkin Elmer SQ-8T MS Detector]<\/li><li><strong>Microbalanza&nbsp;<\/strong>[AD Autobalanza 600 Perkin Elmer]<\/li><li><strong>Computador con Software Turbo Mass PerkinElmer<\/strong><\/li><\/ul>\n\n\n\n<h6 class=\"has-black-color has-text-color has-normal-font-size wp-block-heading\" id=\"para-mayor-detalle-e-informacion-de-los-equipos-te-invitamos-a-revisar-el-tour-virtual-del-laboratorio-de-cromatografia-gaseosa-y-pirolisis-analitica-haciendo-clic-en-el-siguiente-boton\">Para mayor detalle e informaci\u00f3n de los equipos, te invitamos a revisar el tour virtual del Laboratorio de Cromatograf\u00eda Gaseosa y Pir\u00f3lisis Anal\u00edtica haciendo clic en el siguiente bot\u00f3n:<\/h6>\n\n\n\n<div class=\"wp-block-buttons is-layout-flex wp-block-buttons-is-layout-flex\">\n<div class=\"wp-block-button is-style-outline is-style-outline--1\"><a class=\"wp-block-button__link has-white-background-color has-text-color has-background\" href=\"https:\/\/www.gourban.cl\/tours\/laboratorioLCGPA_\/\" style=\"color:#0c5d8c\"><strong>Laboratorio LCGPA en 360\u00b0<\/strong><\/a><\/div>\n<\/div>\n\n\n\n<figure class=\"wp-block-image size-full is-style-default\"><img loading=\"lazy\" decoding=\"async\" width=\"3224\" height=\"2237\" src=\"http:\/\/lcgpa.ubiobio.cl\/wp-content\/uploads\/2021\/11\/foto-logolab.png\" alt=\"\" class=\"wp-image-327\" srcset=\"http:\/\/lcgpa.ubiobio.cl\/wp-content\/uploads\/2021\/11\/foto-logolab.png 3224w, http:\/\/lcgpa.ubiobio.cl\/wp-content\/uploads\/2021\/11\/foto-logolab-300x208.png 300w, http:\/\/lcgpa.ubiobio.cl\/wp-content\/uploads\/2021\/11\/foto-logolab-1024x711.png 1024w, http:\/\/lcgpa.ubiobio.cl\/wp-content\/uploads\/2021\/11\/foto-logolab-768x533.png 768w, http:\/\/lcgpa.ubiobio.cl\/wp-content\/uploads\/2021\/11\/foto-logolab-1536x1066.png 1536w, http:\/\/lcgpa.ubiobio.cl\/wp-content\/uploads\/2021\/11\/foto-logolab-2048x1421.png 2048w, http:\/\/lcgpa.ubiobio.cl\/wp-content\/uploads\/2021\/11\/foto-logolab-1200x833.png 1200w, http:\/\/lcgpa.ubiobio.cl\/wp-content\/uploads\/2021\/11\/foto-logolab-1980x1374.png 1980w\" sizes=\"auto, (max-width: 3224px) 100vw, 3224px\" \/><\/figure>\n\n\n\n<figure class=\"wp-block-gallery columns-3 is-cropped wp-block-gallery-2 is-layout-flex wp-block-gallery-is-layout-flex\"><ul class=\"blocks-gallery-grid\"><li class=\"blocks-gallery-item\"><figure><a href=\"http:\/\/lcgpa.ubiobio.cl\/wp-content\/uploads\/2021\/11\/20190129_110718-scaled.jpg\"><img loading=\"lazy\" decoding=\"async\" width=\"2560\" height=\"1920\" src=\"http:\/\/lcgpa.ubiobio.cl\/wp-content\/uploads\/2021\/11\/20190129_110718-scaled.jpg\" alt=\"\" data-id=\"330\" data-full-url=\"http:\/\/lcgpa.ubiobio.cl\/wp-content\/uploads\/2021\/11\/20190129_110718-scaled.jpg\" data-link=\"http:\/\/lcgpa.ubiobio.cl\/20190129_110718\/\" class=\"wp-image-330\" srcset=\"http:\/\/lcgpa.ubiobio.cl\/wp-content\/uploads\/2021\/11\/20190129_110718-scaled.jpg 2560w, http:\/\/lcgpa.ubiobio.cl\/wp-content\/uploads\/2021\/11\/20190129_110718-300x225.jpg 300w, http:\/\/lcgpa.ubiobio.cl\/wp-content\/uploads\/2021\/11\/20190129_110718-1024x768.jpg 1024w, http:\/\/lcgpa.ubiobio.cl\/wp-content\/uploads\/2021\/11\/20190129_110718-768x576.jpg 768w, http:\/\/lcgpa.ubiobio.cl\/wp-content\/uploads\/2021\/11\/20190129_110718-1536x1152.jpg 1536w, http:\/\/lcgpa.ubiobio.cl\/wp-content\/uploads\/2021\/11\/20190129_110718-2048x1536.jpg 2048w, http:\/\/lcgpa.ubiobio.cl\/wp-content\/uploads\/2021\/11\/20190129_110718-1200x900.jpg 1200w, http:\/\/lcgpa.ubiobio.cl\/wp-content\/uploads\/2021\/11\/20190129_110718-1980x1485.jpg 1980w\" sizes=\"auto, (max-width: 2560px) 100vw, 2560px\" \/><\/a><\/figure><\/li><li class=\"blocks-gallery-item\"><figure><a href=\"http:\/\/lcgpa.ubiobio.cl\/wp-content\/uploads\/2021\/11\/vrip-lab-3.jpg\"><img loading=\"lazy\" decoding=\"async\" width=\"1134\" height=\"756\" src=\"http:\/\/lcgpa.ubiobio.cl\/wp-content\/uploads\/2021\/11\/vrip-lab-3.jpg\" alt=\"\" data-id=\"339\" data-full-url=\"http:\/\/lcgpa.ubiobio.cl\/wp-content\/uploads\/2021\/11\/vrip-lab-3.jpg\" data-link=\"http:\/\/lcgpa.ubiobio.cl\/vrip-lab-3\/\" class=\"wp-image-339\" srcset=\"http:\/\/lcgpa.ubiobio.cl\/wp-content\/uploads\/2021\/11\/vrip-lab-3.jpg 1134w, http:\/\/lcgpa.ubiobio.cl\/wp-content\/uploads\/2021\/11\/vrip-lab-3-300x200.jpg 300w, http:\/\/lcgpa.ubiobio.cl\/wp-content\/uploads\/2021\/11\/vrip-lab-3-1024x683.jpg 1024w, http:\/\/lcgpa.ubiobio.cl\/wp-content\/uploads\/2021\/11\/vrip-lab-3-768x512.jpg 768w\" sizes=\"auto, (max-width: 1134px) 100vw, 1134px\" \/><\/a><\/figure><\/li><li class=\"blocks-gallery-item\"><figure><a href=\"http:\/\/lcgpa.ubiobio.cl\/wp-content\/uploads\/2021\/11\/vrip-lab-7-1.jpg\"><img loading=\"lazy\" decoding=\"async\" width=\"1134\" height=\"756\" src=\"http:\/\/lcgpa.ubiobio.cl\/wp-content\/uploads\/2021\/11\/vrip-lab-7-1.jpg\" alt=\"\" data-id=\"335\" data-full-url=\"http:\/\/lcgpa.ubiobio.cl\/wp-content\/uploads\/2021\/11\/vrip-lab-7-1.jpg\" data-link=\"http:\/\/lcgpa.ubiobio.cl\/vrip-lab-7-1\/\" class=\"wp-image-335\" srcset=\"http:\/\/lcgpa.ubiobio.cl\/wp-content\/uploads\/2021\/11\/vrip-lab-7-1.jpg 1134w, http:\/\/lcgpa.ubiobio.cl\/wp-content\/uploads\/2021\/11\/vrip-lab-7-1-300x200.jpg 300w, http:\/\/lcgpa.ubiobio.cl\/wp-content\/uploads\/2021\/11\/vrip-lab-7-1-1024x683.jpg 1024w, http:\/\/lcgpa.ubiobio.cl\/wp-content\/uploads\/2021\/11\/vrip-lab-7-1-768x512.jpg 768w\" sizes=\"auto, (max-width: 1134px) 100vw, 1134px\" \/><\/a><\/figure><\/li><li class=\"blocks-gallery-item\"><figure><a href=\"http:\/\/lcgpa.ubiobio.cl\/wp-content\/uploads\/2021\/11\/vrip-lab-1.jpg\"><img loading=\"lazy\" decoding=\"async\" width=\"1134\" height=\"756\" src=\"http:\/\/lcgpa.ubiobio.cl\/wp-content\/uploads\/2021\/11\/vrip-lab-1.jpg\" alt=\"\" data-id=\"331\" data-full-url=\"http:\/\/lcgpa.ubiobio.cl\/wp-content\/uploads\/2021\/11\/vrip-lab-1.jpg\" data-link=\"http:\/\/lcgpa.ubiobio.cl\/vrip-lab-1\/\" class=\"wp-image-331\" srcset=\"http:\/\/lcgpa.ubiobio.cl\/wp-content\/uploads\/2021\/11\/vrip-lab-1.jpg 1134w, http:\/\/lcgpa.ubiobio.cl\/wp-content\/uploads\/2021\/11\/vrip-lab-1-300x200.jpg 300w, http:\/\/lcgpa.ubiobio.cl\/wp-content\/uploads\/2021\/11\/vrip-lab-1-1024x683.jpg 1024w, http:\/\/lcgpa.ubiobio.cl\/wp-content\/uploads\/2021\/11\/vrip-lab-1-768x512.jpg 768w\" sizes=\"auto, (max-width: 1134px) 100vw, 1134px\" \/><\/a><\/figure><\/li><li class=\"blocks-gallery-item\"><figure><a href=\"http:\/\/lcgpa.ubiobio.cl\/wp-content\/uploads\/2021\/11\/20190129_162932-scaled.jpg\"><img loading=\"lazy\" decoding=\"async\" width=\"2560\" height=\"1920\" src=\"http:\/\/lcgpa.ubiobio.cl\/wp-content\/uploads\/2021\/11\/20190129_162932-scaled.jpg\" alt=\"\" data-id=\"342\" data-full-url=\"http:\/\/lcgpa.ubiobio.cl\/wp-content\/uploads\/2021\/11\/20190129_162932-scaled.jpg\" data-link=\"http:\/\/lcgpa.ubiobio.cl\/20190129_162932\/\" class=\"wp-image-342\" srcset=\"http:\/\/lcgpa.ubiobio.cl\/wp-content\/uploads\/2021\/11\/20190129_162932-scaled.jpg 2560w, http:\/\/lcgpa.ubiobio.cl\/wp-content\/uploads\/2021\/11\/20190129_162932-300x225.jpg 300w, http:\/\/lcgpa.ubiobio.cl\/wp-content\/uploads\/2021\/11\/20190129_162932-1024x768.jpg 1024w, http:\/\/lcgpa.ubiobio.cl\/wp-content\/uploads\/2021\/11\/20190129_162932-768x576.jpg 768w, http:\/\/lcgpa.ubiobio.cl\/wp-content\/uploads\/2021\/11\/20190129_162932-1536x1152.jpg 1536w, http:\/\/lcgpa.ubiobio.cl\/wp-content\/uploads\/2021\/11\/20190129_162932-2048x1536.jpg 2048w, http:\/\/lcgpa.ubiobio.cl\/wp-content\/uploads\/2021\/11\/20190129_162932-1200x900.jpg 1200w, http:\/\/lcgpa.ubiobio.cl\/wp-content\/uploads\/2021\/11\/20190129_162932-1980x1485.jpg 1980w\" sizes=\"auto, (max-width: 2560px) 100vw, 2560px\" \/><\/a><\/figure><\/li><li class=\"blocks-gallery-item\"><figure><a href=\"http:\/\/lcgpa.ubiobio.cl\/wp-content\/uploads\/2021\/11\/lgcpa-1.png\"><img loading=\"lazy\" decoding=\"async\" width=\"957\" height=\"504\" src=\"http:\/\/lcgpa.ubiobio.cl\/wp-content\/uploads\/2021\/11\/lgcpa-1.png\" alt=\"\" data-id=\"195\" data-full-url=\"http:\/\/lcgpa.ubiobio.cl\/wp-content\/uploads\/2021\/11\/lgcpa-1.png\" data-link=\"http:\/\/lcgpa.ubiobio.cl\/lgcpa-1\/\" class=\"wp-image-195\" srcset=\"http:\/\/lcgpa.ubiobio.cl\/wp-content\/uploads\/2021\/11\/lgcpa-1.png 957w, http:\/\/lcgpa.ubiobio.cl\/wp-content\/uploads\/2021\/11\/lgcpa-1-300x158.png 300w, http:\/\/lcgpa.ubiobio.cl\/wp-content\/uploads\/2021\/11\/lgcpa-1-768x404.png 768w\" sizes=\"auto, (max-width: 957px) 100vw, 957px\" \/><\/a><\/figure><\/li><\/ul><\/figure>\n\n\n\n<p class=\"has-normal-font-size\"><\/p>\n","protected":false},"excerpt":{"rendered":"<p>EQUIPOS DISPONIBLES Pirolizador&nbsp;[CDS Pyrobrobe 5200 HPR] Cromat\u00f3grafo de Gases&nbsp;[Perkin Elmer Clarus 690] Espectr\u00f3metro de Masas [ Perkin Elmer SQ-8T MS Detector] Microbalanza&nbsp;[AD Autobalanza 600 Perkin Elmer] Computador con Software Turbo Mass PerkinElmer Para mayor detalle e informaci\u00f3n de los equipos, te invitamos a revisar el tour virtual del Laboratorio de Cromatograf\u00eda Gaseosa y Pir\u00f3lisis Anal\u00edtica &hellip; <a href=\"http:\/\/lcgpa.ubiobio.cl\/index.php\/equipos-2\/\" class=\"more-link\">Continue reading <span class=\"screen-reader-text\">Equipos<\/span><\/a><\/p>\n","protected":false},"author":1,"featured_media":52,"parent":0,"menu_order":0,"comment_status":"closed","ping_status":"closed","template":"full-width-page.php","meta":{"footnotes":""},"class_list":["post-794","page","type-page","status-publish","has-post-thumbnail","hentry"],"_links":{"self":[{"href":"http:\/\/lcgpa.ubiobio.cl\/index.php\/wp-json\/wp\/v2\/pages\/794","targetHints":{"allow":["GET"]}}],"collection":[{"href":"http:\/\/lcgpa.ubiobio.cl\/index.php\/wp-json\/wp\/v2\/pages"}],"about":[{"href":"http:\/\/lcgpa.ubiobio.cl\/index.php\/wp-json\/wp\/v2\/types\/page"}],"author":[{"embeddable":true,"href":"http:\/\/lcgpa.ubiobio.cl\/index.php\/wp-json\/wp\/v2\/users\/1"}],"replies":[{"embeddable":true,"href":"http:\/\/lcgpa.ubiobio.cl\/index.php\/wp-json\/wp\/v2\/comments?post=794"}],"version-history":[{"count":7,"href":"http:\/\/lcgpa.ubiobio.cl\/index.php\/wp-json\/wp\/v2\/pages\/794\/revisions"}],"predecessor-version":[{"id":1010,"href":"http:\/\/lcgpa.ubiobio.cl\/index.php\/wp-json\/wp\/v2\/pages\/794\/revisions\/1010"}],"wp:featuredmedia":[{"embeddable":true,"href":"http:\/\/lcgpa.ubiobio.cl\/index.php\/wp-json\/wp\/v2\/media\/52"}],"wp:attachment":[{"href":"http:\/\/lcgpa.ubiobio.cl\/index.php\/wp-json\/wp\/v2\/media?parent=794"}],"curies":[{"name":"wp","href":"https:\/\/api.w.org\/{rel}","templated":true}]}}